7, 157, 223, 1979
What are the prime factors of 567932500?
2, 5, 367, 619
What are the prime factors of 206636679?
3, 41, 559991
What are the prime factors of 753831258?
2, 3, 125638543
List the prime factors of 293878218.
2, 3, 17, 2881159
What are the prime factors of 80847633?
3, 26949211
What are the prime factors of 14590673?
113, 129121
What are the prime factors of 975174508?
2, 7, 11, 3166151
List the prime factors of 2134737047.
2134737047
List the prime factors of 86423171.
4327, 19973
List the prime factors of 5628586084.
2, 11, 263, 486397
What are the prime factors of 216346003?
29, 79, 94433
List the prime factors of 2327090427.
3, 3499, 73897
What are the prime factors of 627299840?
2, 5, 245039
What are the prime factors of 1869795158?
2, 7, 11, 12141527
What are the prime factors of 81951803?
197, 415999
What are the prime factors of 165399964?
2, 151, 251, 1091
What are the prime factors of 215233930?
2, 5, 31, 73, 9511
List the prime factors of 4722273258.
2, 3, 127, 6197209
What are the prime factors of 263403576?
2, 3, 17, 23911
List the prime factors of 90558041.
7, 2591, 4993
What are the prime factors of 524972760?
2, 3, 5, 13, 336521
What are the prime factors of 103739950?
2, 5, 17, 31, 127
What are the prime factors of 3828774065?
5, 313, 401, 6101
What are the prime factors of 26951995?
5, 7, 770057
List the prime factors of 18517232.
2, 1157327
What are the prime factors of 219519314?
2, 7, 23, 13913
What are the prime factors of 49193625?
3, 5, 13, 10091
What are the prime factors of 1352230624?
2, 1277, 33091
List the prime factors of 1492621.
13, 19, 6043
List the prime factors of 22376642.
2, 19, 347, 1697
List the prime factors of 167612074.
2, 7, 359, 33349
List the prime factors of 40315186.
2, 20157593
List the prime factors of 179053928.
2, 17, 53, 24841
List the prime factors of 94385919.
3, 227, 138599
List the prime factors of 163225196.
2, 3491, 11689
List the prime factors of 40754672.
2, 7, 227, 229
List the prime factors of 444109298.
2, 37, 47, 127691
List the prime factors of 2477169.
3, 23, 3989
List the prime factors of 238868260.
2, 5, 11943413
What are the prime factors of 3132995533?
89, 2663, 13219
What are the prime factors of 93158731?
73, 1276147
List the prime factors of 3893882477.
19, 139, 1474397
What are the prime factors of 156647234?
2, 78323617
What are the prime factors of 72153612?
2, 3, 668089
What are the prime factors of 2423370654?
2, 3, 113, 1191431
List the prime factors of 74579945.
5, 11, 1355999
What are the prime factors of 511314140?
2, 5, 137, 181, 1031
What are the prime factors of 187353221?
11, 3769, 4519
What are the prime factors of 59253325?
5, 103, 23011
What are the prime factors of 34283824?
2, 2142739
List the prime factors of 1678745282.
2, 4663, 180007
List the prime factors of 228784430.
2, 5, 7, 66701
What are the prime factors of 2348121912?
2, 3, 137, 191, 3739
List the prime factors of 10865239.
7, 11, 141107
What are the prime factors of 1005267384?
2, 3, 11, 281, 4517
What are the prime factors of 48398328?
2, 3, 11, 53, 1153
List the prime factors of 28966948.
2, 61, 118717
What are the prime factors of 3096226?
2, 7, 221159
What are the prime factors of 2414708277?
3, 127, 167, 37951
List the prime factors of 1075738394.
2, 537869197
List the prime factors of 990942842.
2, 495471421
List the prime factors of 91895097.
3, 7, 23, 61, 3119
List the prime factors of 465696423.
3, 2237, 23131
What are the prime factors of 593671751?
151, 797, 4933
What are the prime factors of 118913963?
7, 17, 43, 1367
What are the prime factors of 261126006?
2, 3, 19, 101, 22679
List the prime factors of 314283831.
3, 89, 1177093
List the prime factors of 1288430783.
1288430783
List the prime factors of 241973313.
3, 431, 187141
What are the prime factors of 36312712?
2, 89, 51001
List the prime factors of 219104191.
2657, 82463
What are the prime factors of 31837371?
3, 10612457
List the prime factors of 671154206.
2, 335577103
List the prime factors of 125114259.
3, 19, 67, 181
What are the prime factors of 18337351?
197, 93083
What are the prime factors of 553821285?
3, 5, 36921419
List the prime factors of 1112109729.
3, 19, 19510697
List the prime factors of 44899854.
2, 3, 7483309
List the prime factors of 367617173.
7, 11, 4774249
List the prime factors of 74186688.
2, 3, 67, 73, 79
List the prime factors of 155092544.
2, 163, 14867
What are the prime factors of 326520604?
2, 23, 3549137
List the prime factors of 28054970.
2, 5, 2805497
What are the prime factors of 789506058?
2, 3, 11, 43, 278191
What are the prime factors of 1993131526?
2, 996565763
What are the prime factors of 810006869?
7, 251, 461017
What are the prime factors of 473983033?
359, 1320287
What are the prime factors of 3673853715?
3, 5, 7, 1987, 17609
What are the prime factors of 545652669?
3, 31, 1039, 5647
List the prime factors of 418576261.
17, 839, 29347
What are the prime factors of 85601287?
85601287
List the prime factors of 89358893.
13, 2411, 2851
What are the prime factors of 7091651160?
2, 3, 5, 11, 43, 41647
List the prime factors of 61450719.
3, 11, 389, 4787
List the prime factors of 1409138045.
5, 7, 197, 204371
List the prime factors of 520419835.
5, 13, 8006459
List the prime factors of 86164563.
3, 19, 79561
What are the prime factors of 389018298?
2, 3, 967, 67049
List the prime factors of 961693775.
5, 7, 727, 7559
What are the prime factors of 224992081?
179, 1256939
List the prime factors of 31103704.
2, 3887963
List the prime factors of 6386092737.
3, 37, 57532367
List the prime factors of 1950167279.
149, 701, 18671
List the prime factors of 26185206.
2, 3, 4364201
List the prime factors of 470275484.
2, 7, 29, 269, 2153
What are the prime factors of 42518796?
2, 3, 3543233
List the prime factors of 59815192.
2, 19, 393521
List the prime factors of 156904549.
43, 3648943
What are the prime factors of 74965572?
2, 3, 11, 189307
What are the prime factors of 92830710?
2, 3, 5, 7, 17, 26003
What are the prime factors of 2579576889?
3, 17, 50579939
What are the prime factors of 262824103?
262824103
List the prime factors of 121670070.
2, 3, 5, 4055669
What are the prime factors of 159877178?
2, 5351, 14939
What are the prime factors of 1589637730?
2, 5, 613, 259321
What are the prime factors of 2892648236?
2, 19, 41, 48859
List the prime factors of 93340135.
5, 7, 2666861
List the prime factors of 375543263.
10831, 34673
What are the prime factors of 22002483?
3, 7334161
List the prime factors of 189330988.
2, 7, 11, 199, 3089
What are the prime factors of 146416911?
3, 29, 317, 5309
What are the prime factors of 2442541277?
11, 101, 2198507
List the prime factors of 38550756.
2, 3, 953, 3371
List the prime factors of 2139234956.
2, 499, 1071761
List the prime factors of 1290867433.
23, 37, 1516883
List the prime factors of 384756944.
2, 11, 13, 337, 499
What are the prime factors of 846399524?
2, 431, 490951
List the prime factors of 5612091428.
2, 79, 353, 50311
List the prime factors of 6687589112.
2, 23, 59, 616027
What are the prime factors of 536658844?
2, 739, 181549
What are the prime factors of 4297116873?
3, 7, 6481, 31573
What are the prime factors of 543003743?
29, 103, 181789
List the prime factors of 102943793.
389, 264637
List the prime factors of 5237067868.
2, 43, 229, 132961
List the prime factors of 16329809.
17, 43, 89, 251
What are the prime factors of 67933725?
3, 5, 905783
What are the prime factors of 49488282?
2, 3, 431, 6379
List the prime factors of 72494533.
107, 167, 4057
List the prime factors of 1164069569.
13, 1979, 45247
List the prime factors of 1583944469.
10883, 145543
List the prime factors of 50054168.
2, 6256771
What are the prime factors of 33514954?
2, 11, 1523407
What are the prime factors of 222212245?
5, 317, 140197
What are the prime factors of 120865104?
2, 3, 17, 97, 509
What are the prime factors of 121076648?
2, 7, 11, 43, 653
List the prime factors of 1815001373.
269, 349, 19333
List the prime factors of 4941542.
2, 29, 85199
What are the prime factors of 1621237094?
2, 593, 1366979
What are the prime factors of 43075180?
2, 5, 1031, 2089
List the prime factors of 197333832.
2, 3, 8222243
List the prime factors of